{"id":1203,"date":"2012-05-19T14:30:51","date_gmt":"2012-05-19T14:30:51","guid":{"rendered":"http:\/\/irgamers.cl\/index\/?page_id=1203"},"modified":"2012-05-19T14:58:19","modified_gmt":"2012-05-19T14:58:19","slug":"los-juegos-imperdibles-del-2011-segun-irgamers","status":"publish","type":"page","link":"https:\/\/irgamers.cl\/index\/los-juegos-imperdibles-del-2011-segun-irgamers\/","title":{"rendered":"LOS JUEGOS IMPERDIBLES DEL 2011 SEGUN IRGAMERS"},"content":{"rendered":"<p style=\"text-align: justify;\" align=\"center\"><span style=\"text-align: justify;\">Durante la primera semana inaugural de irgamers.cl, les presentamos Review Pad, la secci\u00f3n en donde les mostramos toda la informaci\u00f3n de un juego que pueda ser relevante a la hora de decidir si adquirirlo o no.<\/span><\/p>\n<p style=\"text-align: justify;\">\u00a0\u00a0\u00a0\u00a0\u00a0\u00a0\u00a0\u00a0\u00a0\u00a0\u00a0 Para celebrar esta secci\u00f3n, les mostramos los 7 juegos que consideramos como lo imperdible del 2011.<\/p>\n<p style=\"text-align: justify;\">La verdad, admitimos que como equipo fue una decisi\u00f3n dif\u00edcil elegir que juegos incorporar y cuales no, puesto que el 2011 fue un a\u00f1o lleno de juegos memorables. Entre los que decidimos dejar fuera y aprovechamos de mencionar ahora, se encuentran joyitas como Superbrothers: Sword &amp; Sworcery EP, Starcraft II, Rayman Origins, Mario Kart 7, Super Mario 3D Land, Gears of War 3, entre otros.<\/p>\n<p>\u00bfCu\u00e1les fueron los juegos elegidos?, \u00bfPor qu\u00e9 raz\u00f3n se eligieron? A continuaci\u00f3n un resumen de esa primera semana<\/p>\n<p><strong><a href=\"http:\/\/irgamers.cl\/index\/?p=814\" target=\"_blank\">PORTAL 2<\/a><\/strong><\/p>\n<p><img decoding=\"async\" class=\" wp-image-824 alignleft\" title=\"Review Pad: Portal 2\" src=\"http:\/\/irgamers.cl\/index\/wp-content\/uploads\/2012\/04\/portal2x-large.jpg\" alt=\"\" width=\"105\" height=\"141\" \/>El a\u00f1o 2011 vuelve GladOS y Shell, pero esta vez acompa\u00f1ados de incre\u00edbles nuevas mec\u00e1nicas y de memorables personajes que enriquecen una historia entretenida, guiada por un humor ir\u00f3nico e irracional, de ese que nos gusta a nosotros. Portal 2 toma las bases del primer Portal, y las convierte en un juego inmenso, lleno de creatividad y de momentos que quedar\u00e1n en la mente del jugador por mucho tiempo. Ya nunca podremos volver a ver una papa con los mismos ojos.<\/p>\n<p>Si quieres leer el an\u00e1lisis en extenso de Portal 2, visita la entrada del Review Pad de Aero, haciendo clic en la imagen.<\/p>\n<p>&nbsp;<\/p>\n<p><strong>UNCHARTED <a title=\"Review Pad: Uncharted 3\" href=\"http:\/\/irgamers.cl\/index\/?p=858\" target=\"_blank\">3<\/a>: DRAKE\u2019S DECEPTION<\/strong><\/p>\n<p><img decoding=\"async\" class=\" wp-image-859 alignleft\" title=\"Uncharted-3-cover\" src=\"http:\/\/irgamers.cl\/index\/wp-content\/uploads\/2012\/04\/Uncharted-3-cover-255x300.jpg\" alt=\"\" width=\"110\" height=\"130\" \/>El videojuego m\u00e1s cinematogr\u00e1fico de esta generaci\u00f3n regres\u00f3 el a\u00f1o pasado de gran manera, mostr\u00e1ndonos a un Drake m\u00e1s maduro, pero no por eso menos divertido y saltar\u00edn que en los juegos anteriores. Uncharted 3 es una vez m\u00e1s un despliegue de un excelente gui\u00f3n, incre\u00edbles actuaciones y gr\u00e1ficas, banda sonora impecable y con su jugabilidad igual de s\u00f3lida que antes. Sin duda un juego imperdible.<\/p>\n<p>Si este breve texto logr\u00f3 engancharte, continua leyendo el Review Pad de Olimar haciendo clic en el n\u00famero 3 del t\u00edtulo.<\/p>\n<p>&nbsp;<\/p>\n<p><strong>BATMAN ARKHAM CITY<\/strong><\/p>\n<p><a href=\"http:\/\/irgamers.cl\/index\/wp-content\/uploads\/2012\/04\/Batman_Arkham_City_PS3_Cover.jpg\"><img decoding=\"async\" class=\"alignleft  wp-image-641\" title=\"Batman_Arkham_City_PS3_Cover\" src=\"http:\/\/irgamers.cl\/index\/wp-content\/uploads\/2012\/04\/Batman_Arkham_City_PS3_Cover-300x300.jpg\" alt=\"\" width=\"126\" height=\"126\" srcset=\"https:\/\/irgamers.cl\/index\/wp-content\/uploads\/2012\/04\/Batman_Arkham_City_PS3_Cover-300x300.jpg 300w, https:\/\/irgamers.cl\/index\/wp-content\/uploads\/2012\/04\/Batman_Arkham_City_PS3_Cover-150x150.jpg 150w, https:\/\/irgamers.cl\/index\/wp-content\/uploads\/2012\/04\/Batman_Arkham_City_PS3_Cover-250x250.jpg 250w, https:\/\/irgamers.cl\/index\/wp-content\/uploads\/2012\/04\/Batman_Arkham_City_PS3_Cover.jpg 500w\" sizes=\"(max-width: 126px) 100vw, 126px\" \/><\/a>Un juego oscuro que logr\u00f3 nuevamente plasmar la esencia de Batman, una vez m\u00e1s marcando pautas en como desarrollar buenas adaptaciones de superh\u00e9roes en videojuegos. Lleno de personajes emblem\u00e1ticos, con una historia elaborada, un <em>gameplay <\/em>refinado (con mejoras en el sistema de peleas que ya nos hab\u00eda conmovido en Arkham Asylum) y una extensa cantidad de contenido.<\/p>\n<p>Para entender de manera m\u00e1s profunda que tan incre\u00edble es este juego, te invitamos a leer el Review Pad de Nemesis, haciendo clic <a title=\"Review Pad: Batman A. City\" href=\"http:\/\/irgamers.cl\/index\/?p=638\" target=\"_blank\">aqu\u00ed<\/a>.<\/p>\n<p>&nbsp;<\/p>\n<p><strong>ZELDA SKYWARD SWORD<\/strong><\/p>\n<p><a href=\"http:\/\/irgamers.cl\/index\/wp-content\/uploads\/2012\/04\/The-Legend-of-Zelda-Skyward-Sword.jpg\"><img loading=\"lazy\" decoding=\"async\" class=\"alignleft  wp-image-815\" title=\"The-Legend-of-Zelda-Skyward-Sword\" src=\"http:\/\/irgamers.cl\/index\/wp-content\/uploads\/2012\/04\/The-Legend-of-Zelda-Skyward-Sword-212x300.jpg\" alt=\"\" width=\"102\" height=\"144\" srcset=\"https:\/\/irgamers.cl\/index\/wp-content\/uploads\/2012\/04\/The-Legend-of-Zelda-Skyward-Sword-212x300.jpg 212w, https:\/\/irgamers.cl\/index\/wp-content\/uploads\/2012\/04\/The-Legend-of-Zelda-Skyward-Sword-724x1024.jpg 724w, https:\/\/irgamers.cl\/index\/wp-content\/uploads\/2012\/04\/The-Legend-of-Zelda-Skyward-Sword-250x354.jpg 250w, https:\/\/irgamers.cl\/index\/wp-content\/uploads\/2012\/04\/The-Legend-of-Zelda-Skyward-Sword.jpg 759w\" sizes=\"(max-width: 102px) 100vw, 102px\" \/><\/a>Impecable dise\u00f1o de escenarios, un control pulid\u00edsimo que enriquece la experiencia, una historia compleja que sirve de precuela a esta franquicia, un estilo gr\u00e1fico muy caracter\u00edstico, extensa cantidad de contenido y una banda sonora memorable. Estas son solo algunas de las razones que hacen que este sea un t\u00edtulo impresionante que no puedes dejar de jugar, demostrando que esta leyenda tiene para rato. \u00bfSiempre has so\u00f1ado con blandir la espada de Link? Bueno, pues ahora puedes blandir tu control de Wii\u2026 \u00bfIgual parecido o no?<\/p>\n<p>Para ver lo magn\u00edfico de este juego en perspectiva, revisa el Review Pad de Aero haciendo clic en el t\u00edtulo de Portal 2.<\/p>\n<p>&nbsp;<\/p>\n<p><strong>THE ELDER SCROLLS V: SKYRIM<\/strong><\/p>\n<p><a href=\"http:\/\/irgamers.cl\/index\/wp-content\/uploads\/2012\/04\/Skyrim_Cover.jpg\"><img loading=\"lazy\" decoding=\"async\" class=\"alignleft  wp-image-871\" title=\"Skyrim_Cover\" src=\"http:\/\/irgamers.cl\/index\/wp-content\/uploads\/2012\/04\/Skyrim_Cover-241x300.jpg\" alt=\"\" width=\"103\" height=\"128\" \/><\/a><\/p>\n<p>&nbsp;<\/p>\n<p>FUS RO DAH!!!! \u00bfHace falta decir algo m\u00e1s?<\/p>\n<p>\u2026 Haz clic en <a title=\"Review Pad: THE ELDER SCROLLS V SKYRIM\" href=\"http:\/\/irgamers.cl\/index\/?p=870\" target=\"_blank\">FUS RO DAH!!!!!<\/a>&#8230;<\/p>\n<p>&nbsp;<\/p>\n<p>&nbsp;<\/p>\n<p><strong><a title=\"Review Pad: Deus Ex Human Revolution\" href=\"http:\/\/irgamers.cl\/index\/?p=762\" target=\"_blank\">DEUS EX HUMAN REVOLUTION<\/a><\/strong><\/p>\n<p><a href=\"http:\/\/irgamers.cl\/index\/wp-content\/uploads\/2012\/04\/Deus-Ex_Cover.jpg\"><img loading=\"lazy\" decoding=\"async\" class=\"alignleft  wp-image-765\" title=\"Deus Ex_Cover\" src=\"http:\/\/irgamers.cl\/index\/wp-content\/uploads\/2012\/04\/Deus-Ex_Cover-209x300.jpg\" alt=\"\" width=\"87\" height=\"125\" srcset=\"https:\/\/irgamers.cl\/index\/wp-content\/uploads\/2012\/04\/Deus-Ex_Cover-209x300.jpg 209w, https:\/\/irgamers.cl\/index\/wp-content\/uploads\/2012\/04\/Deus-Ex_Cover-250x358.jpg 250w, https:\/\/irgamers.cl\/index\/wp-content\/uploads\/2012\/04\/Deus-Ex_Cover.jpg 640w\" sizes=\"(max-width: 87px) 100vw, 87px\" \/><\/a>Excelente juego que en general no fue tan bien recibido por las cr\u00edticas el a\u00f1o pasado, pero que decidimos hacerle un poco de justicia. Deus Ex Human Revolution cautiv\u00f3 a Nemesis debido a su gran matiz de colores, su amplia gama de opciones en personalizaci\u00f3n, su narrativa y por sus impresionantes finales que te dejan pensando un rato, pero sobre todo\u2026 por los colores, eso fue lo que m\u00e1s cautivo a nuestro editor estrella.<\/p>\n<p>Para comprender la elecci\u00f3n de este juego en los 7 imprescindibles del 2011, revisa el Review Pad de Nemesis, haciendo clic en el t\u00edtulo.<\/p>\n<p><strong>\u00a0<\/strong><\/p>\n<p><strong>CHILD OF EDEN<\/strong><\/p>\n<p><a href=\"http:\/\/irgamers.cl\/index\/wp-content\/uploads\/2012\/04\/Child_of_Eden_Cover.jpg\"><img loading=\"lazy\" decoding=\"async\" class=\"alignleft  wp-image-832\" title=\"Child_of_Eden_Cover\" src=\"http:\/\/irgamers.cl\/index\/wp-content\/uploads\/2012\/04\/Child_of_Eden_Cover-213x300.jpg\" alt=\"\" width=\"83\" height=\"117\" srcset=\"https:\/\/irgamers.cl\/index\/wp-content\/uploads\/2012\/04\/Child_of_Eden_Cover-213x300.jpg 213w, https:\/\/irgamers.cl\/index\/wp-content\/uploads\/2012\/04\/Child_of_Eden_Cover-250x352.jpg 250w, https:\/\/irgamers.cl\/index\/wp-content\/uploads\/2012\/04\/Child_of_Eden_Cover.jpg 500w\" sizes=\"(max-width: 83px) 100vw, 83px\" \/><\/a>Probablemente un juego que no jugaste, y que tampoco lo har\u00e1s. Es quiz\u00e1s uno de los t\u00edtulos m\u00e1s maravillosos del 2011, y que gener\u00f3 muy poca atenci\u00f3n, siendo catalogado muchas veces como diferente. Y es que el juego es diferente, otorgando una experiencia pocas veces vista en este mundillo. \u00bfTe qued\u00f3 claro? Yo creo que no. Mejor ve un trailer para quedar aun m\u00e1s confundido.<\/p>\n<p>&nbsp;<\/p>\n<p>Si quieres aclarar tus dudas respecto al p\u00e1rrafo anterior, revisa el Review Pad de Aero que le hace justicia a este juego, <a title=\"Review Pad: Child of Eden\" href=\" http:\/\/irgamers.cl\/index\/?p=831\" target=\"_blank\">haciendo<\/a> clic en <a title=\"Review Pad: Child of Eden\" href=\" http:\/\/irgamers.cl\/index\/?p=831\">haciendo<\/a>.<\/p>\n<p style=\"text-align: center;\">There you go! Estos 7 juegos fueron los que el <strong><em>Staff<\/em> de IRGamers<\/strong> condecor\u00f3 como lo mejor del 2011.<\/p>\n<p style=\"text-align: center;\">Sigan atentos a \u201cEspeciales\u201d para m\u00e1s art\u00edculos especiales.<\/p>\n","protected":false},"excerpt":{"rendered":"<p>Durante la primera semana inaugural de irgamers.cl, les presentamos Review Pad, la secci\u00f3n en donde les mostramos toda la informaci\u00f3n de un juego que pueda ser relevante a la hora de decidir si adquirirlo o no. \u00a0\u00a0\u00a0\u00a0\u00a0\u00a0\u00a0\u00a0\u00a0\u00a0\u00a0 Para celebrar esta secci\u00f3n, les mostramos los 7 juegos que consideramos como lo imperdible del 2011. La verdad,<\/p>\n","protected":false},"author":4,"featured_media":0,"parent":0,"menu_order":0,"comment_status":"open","ping_status":"closed","template":"especiales.php","meta":{"om_disable_all_campaigns":false,"_monsterinsights_skip_tracking":false,"_monsterinsights_sitenote_active":false,"_monsterinsights_sitenote_note":"","_monsterinsights_sitenote_category":0,"footnotes":""},"class_list":["post-1203","page","type-page","status-publish"],"aioseo_notices":[],"_links":{"self":[{"href":"https:\/\/irgamers.cl\/index\/wp-json\/wp\/v2\/pages\/1203","targetHints":{"allow":["GET"]}}],"collection":[{"href":"https:\/\/irgamers.cl\/index\/wp-json\/wp\/v2\/pages"}],"about":[{"href":"https:\/\/irgamers.cl\/index\/wp-json\/wp\/v2\/types\/page"}],"author":[{"embeddable":true,"href":"https:\/\/irgamers.cl\/index\/wp-json\/wp\/v2\/users\/4"}],"replies":[{"embeddable":true,"href":"https:\/\/irgamers.cl\/index\/wp-json\/wp\/v2\/comments?post=1203"}],"version-history":[{"count":26,"href":"https:\/\/irgamers.cl\/index\/wp-json\/wp\/v2\/pages\/1203\/revisions"}],"predecessor-version":[{"id":1234,"href":"https:\/\/irgamers.cl\/index\/wp-json\/wp\/v2\/pages\/1203\/revisions\/1234"}],"wp:attachment":[{"href":"https:\/\/irgamers.cl\/index\/wp-json\/wp\/v2\/media?parent=1203"}],"curies":[{"name":"wp","href":"https:\/\/api.w.org\/{rel}","templated":true}]}}